1/i). What is the tens digit of (l - 2)/(6/30)?
3
Suppose 1223 = -6*p - 5560 + 36483. What is the thousands digit of p?
4
Suppose 17 + 25 = 3*o. Suppose 775 = o*f + 285. Let j = f - 21. What is the tens digit of j?
1
Suppose 9*k + 22 = 85. What is the tens digit of ((-15260)/15)/(-7)*(-4 + k)?
3
Suppose 147840 = 282*h - 268*h. What is the thousands digit of h?
0
What is the hundreds digit of 7/(21/(-15)) + 25/((-50)/(-181844))?
9
Let c = 887 + -500. Let d = c + -24. What is the units digit of d?
3
Suppose 0 = 2*s + 5*i + 4, 4*s = 2*s + 5*i + 16. Suppose 15 = 3*a + 3, -s*h = -a + 64. What is the tens digit of h/(-8)*15*(-1 - -3)?
7
Let c(h) = h**3 - 4*h**2 - 6*h + 4. Suppose -4*b + 22 = -3*g - 2*g, 4*b = -3*g - 26. Let u be c(g). Let a = 492 + u. What is the tens digit of a?
7
Suppose 0*l - 4*l = 124. Let a = 39 + l. Suppose a*k - 162 = 6*k. What is the units digit of k?
1
Let v(t) = 4*t**2 + 20*t - 4. Let j(k) = 0*k**2 - 15*k**2 - 40*k + 6*k**2 + 8. Let r(b) = -3*j(b) - 7*v(b). What is the units digit of r(-19)?
3
Let w be 4 - (-5 - (-4 - -1)). Let u be 8/6 + w/9. Suppose -u*r - 4*k = -64, r = -7*k + 3*k + 42. What is the tens digit of r?
2
Let h be 0/(-2) + -3 + -115. Let x = 3835 - 3860. Let r = x - h. What is the units digit of r?
3
Suppose -4*q + 119694 = 5*x, 89*x - 4*q - 71778 = 86*x. What is the hundreds digit of x?
9
Let f = 8260 + -7848. What is the units digit of f?
2
Suppose 4*w - 3*q + 161 + 0 = 0, 108 = -2*w - 4*q. Suppose -b + 4*h = -0*b + 8, 0 = -5*b - 4*h - 16. Let o = b - w. What is the units digit of o?
0
What is the ten thousands digit of (-10)/(8 - (9 + (-12425)/12427)) + 2?
6
Let g = 31431 - 13299. What is the tens digit of g?
3
Let k(u) = -7*u**3 + 8*u**2 + 5*u - 15. What is the thousands digit of k(-7)?
2
Let t = 2549 + -1175. What is the units digit of (t/4)/((-54)/(-8) + -6)?
8
Let f(t) = -6*t + 41. Suppose -30 - 3 = -w. Let h = 21 - w. What is the tens digit of f(h)?
1
Suppose 0*t = -t - 8. Let s = -6 - t. Suppose -j - s*w + 160 = -4*w, -3*j = -4*w - 470. What is the hundreds digit of j?
1
Suppose 3*a = -4*y + 2*a - 143, -4*a + 4 = 0. Let r = y + 34. Let u = r + 73. What is the tens digit of u?
7
Suppose 47 - 313 = -7*v. What is the tens digit of v/114*(1 + 650)?
1
Let a be (-1 + -1)/2*(-1 - 1). Suppose 0 = 4*j - 146 + a. Let p = 18 + j. What is the units digit of p?
4
Let g = 15071 + -9946. What is the units digit of g?
5
Let h(a) = -a**3 - a - 8. Let z be h(0). Let s be 12/z*10/(-3). Suppose 2*v + 5*t - 125 = -v, -v - s*t + 45 = 0. What is the tens digit of v?
4
Suppose 4*o - 9 = j, 5*o = -4 + 19. Suppose 4*q - 1463 - 3305 = 2*n, -4*q + j*n = -4772. What is the thousands digit of q?
1
Let r(b) = -5*b - 9. Let i be r(-1). What is the tens digit of (-2)/(-2)*(525 - i)?
2
What is the units digit of ((-4)/(-5))/(-14 - 3580944/(-255780))?
6
What is the hundreds digit of ((-2666)/3 + 22)*(252/(-10))/1?
8
Suppose 3*q + 3*l - 111 = 0, -q + l + 15 = -18. Suppose 5 = q*y - 40*y. What is the units digit of y*(-20 - 2) - (0 - 0)?
2
Suppose f = 5*g - 1142, -g + 7*f + 220 = 4*f. Let v = g - 120. Let r = v - 72. What is the tens digit of r?
3
Let w(v) be the second derivative of v**5/20 + 7*v**4/12 + v**3/3 - 7*v**2 - v. Let a be (3/2)/(57/(-190)). What is the units digit of w(a)?
6
Suppose 0 = -2*r + 6, 3*b + r - 2364 = -0*r. Suppose 415 + 123 = 3*g + i, -2*g = i - 357. Suppose 6*a + g - b = 0. What is the tens digit of a?
0
Let q = -75 - -81. Let j(x) = x**2 - 13*x + 4. Let b be j(-6). Let c = q + b. What is the tens digit of c?
2
Suppose 70 = 36*l - 38. Suppose -l*p - 6 + 39 = -3*d, -5*p = -4*d - 50. What is the units digit of p?
6
Let l(y) = 2362*y**2 + 4*y + 41. What is the thousands digit of l(-2)?
9
Let i(x) = -63*x - 12. Let d be i(-4). Suppose q - d = 174. What is the units digit of q?
4
Suppose 0 = -3*v + 4*w + 47151, 46745 + 16085 = 4*v + w. What is the thousands digit of v?
5
What is the units digit of 56/(-812) - (-5 + (-112)/(-58))?
3
Suppose -2*h - 12 = 3*s + h, 2*s = -3*h - 5. Let f = -113 - -215. Let b = f + s. What is the tens digit of b?
9
Suppose -5*i = 2*d - 32 - 38, 2*d - 54 = 3*i. What is the tens digit of 5/d + 13244/24?
5
Suppose 3*p - 17 = v, -4*v + 5*p + 26 = 94. Let w be (v/3 - 3)*-3. Suppose -2*t + 2*m + w + 174 = 0, -5*t - m = -530. What is the hundreds digit of t?
1
Let z(m) = 23*m**2 - 9 - 33*m**2 + 63*m + 20*m**2 + 10*m**2 + 14*m**2. What is the thousands digit of z(6)?
1
Let k = 4849 - 3626. What is the thousands digit of k?
1
What is the tens digit of (-1 + 2 - (-3)/(-6))*(-15102)/(-3)?
1
Suppose 0 = 35*x - 85890 - 106190. What is the tens digit of x?
8
Let y = -439 + 441. Suppose y*f + 818 = 2*n, n - 3*n + 814 = -4*f. What is the units digit of n?
1
Let q(p) = 59*p - 77. Let i be q(-17). Let n = i + 2038. What is the units digit of n?
8
Let w be 5 + -1 - -1*(-1 + 479). Suppose 4*r - w = -2*l, 5*r = 5*l + 2*r - 1231. What is the units digit of l?
5
Let u = 135 + -137. What is the units digit of (-8)/(-6)*((-7 - u) + 146)?
8
Let h = 19895 - 4642. What is the ten thousands digit of h?
1
What is the units digit of (23727/(-22) - -3)/(2/(-4))?
1
Suppose 0 = -7*w - 283 + 1571. Suppose -3*c = -2*n + 216, n - 5*c = 3*n - w. Let p = -60 + n. What is the units digit of p?
2
Let u be (2/4)/((-4)/(-48)). Let a(k) = -k**2 + 13*k - 20. Let d be a(11). Suppose j = u*j - 3*v - 85, -j + 17 = -d*v. What is the tens digit of j?
1
Suppose -5*w + 4*w + 5*r - 93 = 0, -3*w + 3*r = 327. Let i = 427 + w. What is the hundreds digit of i?
3
Suppose -1562*p + 66 = -1565*p. Let f(w) = 4*w**2 + 34*w + 105. What is the units digit of f(p)?
3
Let a = -123 + 33. Let p = -84 - a. What is the tens digit of 748/16 - p/8?
4
Let k = -52 + 140. Suppose -4*w - k = 112. What is the units digit of 2/(-4) - 11675/w?
3
Let q(h) = 103*h**2 - 10*h - 7. Let n = 138 + -140. What is the tens digit of q(n)?
2
Let d = 54 + -5. Let c(h) = 2*h**2 + 3*h + 4. Let s be c(3). Let q = d - s. What is the units digit of q?
8
Suppose 920 = 38*g - 48*g. Let x(o) = -41*o**2 - 2*o - 1. Let z be x(-1). Let f = z - g. What is the units digit of f?
2
Suppose 0 = -4*a + 2*c + 1168, 2*a = 6*a + c - 1168. Let v(k) = -44*k**3 - k**2 - 2. Let r be v(-2). Suppose -r - a = -11*q. What is the units digit of q?
8
What is the hundreds digit of (-12)/20 + (-149728)/(-80) + -17?
8
Let s(j) = -j**2 - 8*j - 16. Let c be s(-4). What is the hundreds digit of 1452/2 - (-3 + c + 7)?
7
Let b(s) be the second derivative of -3*s**5/20 - s**4/12 + 5*s**3/3 - s**2 + 64*s. What is the tens digit of b(-5)?
9
Let v = 26 - 22. Suppose -j - 35 + 1065 = v*h, -5*j - 3*h + 5065 = 0. Suppose 5*q - j = p, -5*q + q + 2*p = -802. What is the units digit of q?
3
Let z = -6983 + 15724. What is the units digit of z?
1
Suppose 4*r - 240599 = -p, 77*p = -r + 73*p + 60131. What is the units digit of r?
1
Suppose 5*q - 3*s = -5, 4*q + s = 9*q - 5. Suppose 0 = q*u - 11*u + 2385. What is the tens digit of u?
6
What is the tens digit of 1368/(-912)*(0 + -21702)?
5
What is the hundreds digit of -1*5242*70/(-25)*270/189?
9
What is the ten thousands digit of ((-6444456)/(-24) - 24)/5?
5
Suppose 275*k - 5826761 - 9912864 = 0. What is the ten thousands digit of k?
5
Suppose -4*k = k - 2700. Suppose 5*i - 4*f + k + 145 = 0, 517 = -4*i - 3*f. What is the hundreds digit of (7 + -9)*2/(4/i)?
1
Let l = 17993 - 14087. What is the thousands digit of l?
3
Suppose -91*w - 169857 + 10591 + 1048791 = 0. What is the tens digit of w?
7
Let a(x) = -12*x**2 - 18*x - 30. Let j be a(9). Let d = -781 - j. What is the hundreds digit of d?
3
Let k(v) = 2*v**3 + 15*v**2 - 24*v - 65. Let z be k(-8). Suppose -6*w + 4*w + 290 = -y, -w = -2*y - 148. Let x = w - z. What is the units digit of x?
1
Suppose 34 = 3*j - 3*p + 22, 4*j + 3*p = -5. Let v(f) be the third derivative of 53*f**5/30 - f**2. What is the units digit of v(j)?
6
Suppose 5*l - 18 - 27 = 0. Suppose 3*v - 18 = -l. Suppose -294 = j - v*j. What is the units digit of j?
7
Let t(i) = 2*i**3 + i**2 + 2. Let g(v) = -7*v**3 + 10*v**2 + 8*v - 40. Let m(r) = -g(r) - 4*t(r). What is the tens digit of m(-15)?
7
Let i(z) = -15*z**2 + 21*z - 20. Let d(q) = -q**2 + 2*q - 1. Let p(k) = 24*d(k) - 3*i(k). What is the units digit of p(4)?
2
Let t = 189 - 189. What is the thousands dig